{"id":1054,"date":"2022-04-14T07:05:01","date_gmt":"2022-04-14T07:05:01","guid":{"rendered":"https:\/\/kactus.com.mx\/staging\/8500\/?page_id=1054"},"modified":"2026-03-29T01:00:04","modified_gmt":"2026-03-29T07:00:04","slug":"conviertete-en-guia","status":"publish","type":"page","link":"https:\/\/kactus.com.mx\/staging\/8500\/conviertete-en-guia\/","title":{"rendered":"\u00danete a Kactus"},"content":{"rendered":"\t\t<div data-elementor-type=\"wp-page\" data-elementor-id=\"1054\" class=\"elementor elementor-1054\" data-elementor-post-type=\"page\">\n\t\t\t\t\t\t<section class=\"elementor-section elementor-top-section elementor-element elementor-element-ed584d1 elementor-section-boxed elementor-section-height-default elementor-section-height-default\" data-id=\"ed584d1\" data-element_type=\"section\" data-e-type=\"section\" data-settings=\"{&quot;jet_parallax_layout_list&quot;:[],&quot;background_background&quot;:&quot;classic&quot;}\">\n\t\t\t\t\t\t\t<div class=\"elementor-background-overlay\"><\/div>\n\t\t\t\t\t\t\t<div class=\"elementor-container elementor-column-gap-default\">\n\t\t\t\t\t<div class=\"elementor-column elementor-col-100 elementor-top-column elementor-element elementor-element-47484ca\" data-id=\"47484ca\" data-element_type=\"column\" data-e-type=\"column\">\n\t\t\t<div class=\"elementor-widget-wrap elementor-element-populated\">\n\t\t\t\t\t\t<div class=\"elementor-element elementor-element-8ac5784 elementor-widget elementor-widget-heading\" data-id=\"8ac5784\" data-element_type=\"widget\" data-e-type=\"widget\" data-widget_type=\"heading.default\">\n\t\t\t\t<div class=\"elementor-widget-container\">\n\t\t\t\t\t<h1 class=\"elementor-heading-title elementor-size-default\">\u00danete a Kactus<\/h1>\t\t\t\t<\/div>\n\t\t\t\t<\/div>\n\t\t\t\t\t<\/div>\n\t\t<\/div>\n\t\t\t\t\t<\/div>\n\t\t<\/section>\n\t\t\t\t<section class=\"elementor-section elementor-top-section elementor-element elementor-element-28abc6b elementor-section-full_width elementor-section-height-default elementor-section-height-default\" data-id=\"28abc6b\" data-element_type=\"section\" data-e-type=\"section\" data-settings=\"{&quot;jet_parallax_layout_list&quot;:[]}\">\n\t\t\t\t\t\t<div class=\"elementor-container elementor-column-gap-default\">\n\t\t\t\t\t<div class=\"elementor-column elementor-col-100 elementor-top-column elementor-element elementor-element-cb126bd\" data-id=\"cb126bd\" data-element_type=\"column\" data-e-type=\"column\">\n\t\t\t<div class=\"elementor-widget-wrap elementor-element-populated\">\n\t\t\t\t\t\t<div class=\"elementor-element elementor-element-7d3272d elementor-widget elementor-widget-heading\" data-id=\"7d3272d\" data-element_type=\"widget\" data-e-type=\"widget\" data-widget_type=\"heading.default\">\n\t\t\t\t<div class=\"elementor-widget-container\">\n\t\t\t\t\t<h3 class=\"elementor-heading-title elementor-size-default\">Forma parte de nuestro equipo<\/h3>\t\t\t\t<\/div>\n\t\t\t\t<\/div>\n\t\t\t\t<div class=\"elementor-element elementor-element-65a5e8c elementor-widget elementor-widget-heading\" data-id=\"65a5e8c\" data-element_type=\"widget\" data-e-type=\"widget\" data-widget_type=\"heading.default\">\n\t\t\t\t<div class=\"elementor-widget-container\">\n\t\t\t\t\t<p class=\"elementor-heading-title elementor-size-default\">S\u00ed te gusta caminar mientras compartes la historia y cultura de tu ciudad, adem\u00e1s de conocer personas de todo M\u00e9xico y el mundo, entonces, te invitamos a consultar la convocatoria y aplicar.<\/p>\t\t\t\t<\/div>\n\t\t\t\t<\/div>\n\t\t\t\t<div class=\"elementor-element elementor-element-9fa6fb6 elementor-widget elementor-widget-heading\" data-id=\"9fa6fb6\" data-element_type=\"widget\" data-e-type=\"widget\" data-widget_type=\"heading.default\">\n\t\t\t\t<div class=\"elementor-widget-container\">\n\t\t\t\t\t<h5 class=\"elementor-heading-title elementor-size-default\">Elige tu estado y \u00fanete al equipo<\/h5>\t\t\t\t<\/div>\n\t\t\t\t<\/div>\n\t\t\t\t\t<\/div>\n\t\t<\/div>\n\t\t\t\t\t<\/div>\n\t\t<\/section>\n\t\t\t\t<section class=\"elementor-section elementor-top-section elementor-element elementor-element-56bc728 elementor-section-full_width elementor-section-height-default elementor-section-height-default\" data-id=\"56bc728\" data-element_type=\"section\" data-e-type=\"section\" data-settings=\"{&quot;jet_parallax_layout_list&quot;:[]}\">\n\t\t\t\t\t\t<div class=\"elementor-container elementor-column-gap-default\">\n\t\t\t\t\t<div class=\"elementor-column elementor-col-100 elementor-top-column elementor-element elementor-element-79dde0b\" data-id=\"79dde0b\" data-element_type=\"column\" data-e-type=\"column\">\n\t\t\t<div class=\"elementor-widget-wrap elementor-element-populated\">\n\t\t\t\t\t\t<div class=\"elementor-element elementor-element-a024061 elementor-widget__width-auto elementor-align-center elementor-widget elementor-widget-button\" data-id=\"a024061\" data-element_type=\"widget\" data-e-type=\"widget\" data-widget_type=\"button.default\">\n\t\t\t\t<div class=\"elementor-widget-container\">\n\t\t\t\t\t\t\t\t\t<div class=\"elementor-button-wrapper\">\n\t\t\t\t\t<a class=\"elementor-button elementor-button-link elementor-size-sm\" href=\"https:\/\/forms.gle\/wbU3WNTfQVAqSM9HA\" target=\"_blank\">\n\t\t\t\t\t\t<span class=\"elementor-button-content-wrapper\">\n\t\t\t\t\t\t\t\t\t<span class=\"elementor-button-text\">CDMX<\/span>\n\t\t\t\t\t<\/span>\n\t\t\t\t\t<\/a>\n\t\t\t\t<\/div>\n\t\t\t\t\t\t\t\t<\/div>\n\t\t\t\t<\/div>\n\t\t\t\t<div class=\"elementor-element elementor-element-1807ca2 elementor-widget__width-auto elementor-widget elementor-widget-button\" data-id=\"1807ca2\" data-element_type=\"widget\" data-e-type=\"widget\" data-widget_type=\"button.default\">\n\t\t\t\t<div class=\"elementor-widget-container\">\n\t\t\t\t\t\t\t\t\t<div class=\"elementor-button-wrapper\">\n\t\t\t\t\t<a class=\"elementor-button elementor-button-link elementor-size-sm\" href=\"http:\/\/forms.gle\/AudTmhVa5uVCr4UZ6\" target=\"_blank\">\n\t\t\t\t\t\t<span class=\"elementor-button-content-wrapper\">\n\t\t\t\t\t\t\t\t\t<span class=\"elementor-button-text\">OAXACA<\/span>\n\t\t\t\t\t<\/span>\n\t\t\t\t\t<\/a>\n\t\t\t\t<\/div>\n\t\t\t\t\t\t\t\t<\/div>\n\t\t\t\t<\/div>\n\t\t\t\t<div class=\"elementor-element elementor-element-0367e8e elementor-widget__width-auto elementor-widget elementor-widget-button\" data-id=\"0367e8e\" data-element_type=\"widget\" data-e-type=\"widget\" data-widget_type=\"button.default\">\n\t\t\t\t<div class=\"elementor-widget-container\">\n\t\t\t\t\t\t\t\t\t<div class=\"elementor-button-wrapper\">\n\t\t\t\t\t<a class=\"elementor-button elementor-button-link elementor-size-sm\" href=\"http:\/\/forms.gle\/AudTmhVa5uVCr4UZ6\" target=\"_blank\">\n\t\t\t\t\t\t<span class=\"elementor-button-content-wrapper\">\n\t\t\t\t\t\t\t\t\t<span class=\"elementor-button-text\">GUADALAJARA<\/span>\n\t\t\t\t\t<\/span>\n\t\t\t\t\t<\/a>\n\t\t\t\t<\/div>\n\t\t\t\t\t\t\t\t<\/div>\n\t\t\t\t<\/div>\n\t\t\t\t\t<\/div>\n\t\t<\/div>\n\t\t\t\t\t<\/div>\n\t\t<\/section>\n\t\t\t\t<section class=\"elementor-section elementor-top-section elementor-element elementor-element-af92119 elementor-section-full_width elementor-section-height-default elementor-section-height-default\" data-id=\"af92119\" data-element_type=\"section\" data-e-type=\"section\" data-settings=\"{&quot;jet_parallax_layout_list&quot;:[]}\">\n\t\t\t\t\t\t<div class=\"elementor-container elementor-column-gap-default\">\n\t\t\t\t\t<div class=\"elementor-column elementor-col-100 elementor-top-column elementor-element elementor-element-b97e999\" data-id=\"b97e999\" data-element_type=\"column\" data-e-type=\"column\">\n\t\t\t<div class=\"elementor-widget-wrap elementor-element-populated\">\n\t\t\t\t\t\t<div class=\"elementor-element elementor-element-2afddb7 elementor-widget elementor-widget-image\" data-id=\"2afddb7\" data-element_type=\"widget\" data-e-type=\"widget\" data-widget_type=\"image.default\">\n\t\t\t\t<div class=\"elementor-widget-container\">\n\t\t\t\t\t\t\t\t\t\t\t\t\t\t\t<img fetchpriority=\"high\" decoding=\"async\" width=\"800\" height=\"437\" src=\"https:\/\/i0.wp.com\/kactus.com.mx\/staging\/8500\/wp-content\/uploads\/2026\/03\/IMG-20260327-WA0003-e1774766008945.jpg?fit=800%2C437&amp;ssl=1\" class=\"attachment-large size-large wp-image-3498\" alt=\"\" srcset=\"https:\/\/i0.wp.com\/kactus.com.mx\/staging\/8500\/wp-content\/uploads\/2026\/03\/IMG-20260327-WA0003-e1774766008945.jpg?w=1392&amp;ssl=1 1392w, https:\/\/i0.wp.com\/kactus.com.mx\/staging\/8500\/wp-content\/uploads\/2026\/03\/IMG-20260327-WA0003-e1774766008945.jpg?resize=300%2C164&amp;ssl=1 300w, https:\/\/i0.wp.com\/kactus.com.mx\/staging\/8500\/wp-content\/uploads\/2026\/03\/IMG-20260327-WA0003-e1774766008945.jpg?resize=1024%2C559&amp;ssl=1 1024w, https:\/\/i0.wp.com\/kactus.com.mx\/staging\/8500\/wp-content\/uploads\/2026\/03\/IMG-20260327-WA0003-e1774766008945.jpg?resize=768%2C419&amp;ssl=1 768w\" sizes=\"(max-width: 800px) 100vw, 800px\" \/>\t\t\t\t\t\t\t\t\t\t\t\t\t\t\t<\/div>\n\t\t\t\t<\/div>\n\t\t\t\t\t<\/div>\n\t\t<\/div>\n\t\t\t\t\t<\/div>\n\t\t<\/section>\n\t\t\t\t<\/div>\n\t\t","protected":false},"excerpt":{"rendered":"<p>Forma parte de nuestro equipo S\u00ed te gusta caminar mientras compartes la historia y cultura de tu ciudad, adem\u00e1s de conocer personas de todo M\u00e9xico y el mundo, entonces, te invitamos a consultar la convocatoria y aplicar. Elige tu estado y \u00fanete al equipo CDMX OAXACA GUADALAJARA<\/p>\n","protected":false},"author":2,"featured_media":0,"parent":0,"menu_order":0,"comment_status":"closed","ping_status":"closed","template":"elementor_header_footer","meta":{"nf_dc_page":"","_joinchat":[],"footnotes":""},"class_list":["post-1054","page","type-page","status-publish","hentry"],"yoast_head":"<!-- This site is optimized with the Yoast SEO plugin v27.4 - https:\/\/yoast.com\/product\/yoast-seo-wordpress\/ -->\n<title>\u00danete a Kactus - Kactus Mx<\/title>\n<meta name=\"robots\" content=\"index, follow, max-snippet:-1, max-image-preview:large, max-video-preview:-1\" \/>\n<link rel=\"canonical\" href=\"https:\/\/kactus.com.mx\/?page_id=1054\" \/>\n<meta property=\"og:locale\" content=\"en_US\" \/>\n<meta property=\"og:type\" content=\"article\" \/>\n<meta property=\"og:title\" content=\"\u00danete a Kactus - Kactus Mx\" \/>\n<meta property=\"og:description\" content=\"Forma parte de nuestro equipo S\u00ed te gusta caminar mientras compartes la historia y cultura de tu ciudad, adem\u00e1s de conocer personas de todo M\u00e9xico y el mundo, entonces, te invitamos a consultar la convocatoria y aplicar. Elige tu estado y \u00fanete al equipo CDMX OAXACA GUADALAJARA\" \/>\n<meta property=\"og:url\" content=\"https:\/\/kactus.com.mx\/?page_id=1054\" \/>\n<meta property=\"og:site_name\" content=\"Kactus Mx\" \/>\n<meta property=\"article:publisher\" content=\"https:\/\/www.facebook.com\/KactusExperiences\/\" \/>\n<meta property=\"article:modified_time\" content=\"2026-03-29T07:00:04+00:00\" \/>\n<meta name=\"twitter:card\" content=\"summary_large_image\" \/>\n<meta name=\"twitter:label1\" content=\"Est. reading time\" \/>\n\t<meta name=\"twitter:data1\" content=\"1 minute\" \/>\n<script type=\"application\/ld+json\" class=\"yoast-schema-graph\">{\"@context\":\"https:\\\/\\\/schema.org\",\"@graph\":[{\"@type\":\"WebPage\",\"@id\":\"https:\\\/\\\/kactus.com.mx\\\/?page_id=1054\",\"url\":\"https:\\\/\\\/kactus.com.mx\\\/?page_id=1054\",\"name\":\"\u00danete a Kactus - Kactus Mx\",\"isPartOf\":{\"@id\":\"https:\\\/\\\/kactus.com.mx\\\/#website\"},\"primaryImageOfPage\":{\"@id\":\"https:\\\/\\\/kactus.com.mx\\\/?page_id=1054#primaryimage\"},\"image\":{\"@id\":\"https:\\\/\\\/kactus.com.mx\\\/?page_id=1054#primaryimage\"},\"thumbnailUrl\":\"https:\\\/\\\/kactus.com.mx\\\/staging\\\/8500\\\/wp-content\\\/uploads\\\/2026\\\/03\\\/IMG-20260327-WA0003-e1774766008945-1024x559.jpg\",\"datePublished\":\"2022-04-14T07:05:01+00:00\",\"dateModified\":\"2026-03-29T07:00:04+00:00\",\"breadcrumb\":{\"@id\":\"https:\\\/\\\/kactus.com.mx\\\/?page_id=1054#breadcrumb\"},\"inLanguage\":\"en-US\",\"potentialAction\":[{\"@type\":\"ReadAction\",\"target\":[\"https:\\\/\\\/kactus.com.mx\\\/?page_id=1054\"]}]},{\"@type\":\"ImageObject\",\"inLanguage\":\"en-US\",\"@id\":\"https:\\\/\\\/kactus.com.mx\\\/?page_id=1054#primaryimage\",\"url\":\"https:\\\/\\\/i0.wp.com\\\/kactus.com.mx\\\/staging\\\/8500\\\/wp-content\\\/uploads\\\/2026\\\/03\\\/IMG-20260327-WA0003-e1774766008945.jpg?fit=1392%2C760&ssl=1\",\"contentUrl\":\"https:\\\/\\\/i0.wp.com\\\/kactus.com.mx\\\/staging\\\/8500\\\/wp-content\\\/uploads\\\/2026\\\/03\\\/IMG-20260327-WA0003-e1774766008945.jpg?fit=1392%2C760&ssl=1\",\"width\":1392,\"height\":760},{\"@type\":\"BreadcrumbList\",\"@id\":\"https:\\\/\\\/kactus.com.mx\\\/?page_id=1054#breadcrumb\",\"itemListElement\":[{\"@type\":\"ListItem\",\"position\":1,\"name\":\"Home\",\"item\":\"https:\\\/\\\/kactus.com.mx\\\/\"},{\"@type\":\"ListItem\",\"position\":2,\"name\":\"\u00danete a Kactus\"}]},{\"@type\":\"WebSite\",\"@id\":\"https:\\\/\\\/kactus.com.mx\\\/#website\",\"url\":\"https:\\\/\\\/kactus.com.mx\\\/\",\"name\":\"Kactus Mx\",\"description\":\"\",\"publisher\":{\"@id\":\"https:\\\/\\\/kactus.com.mx\\\/#organization\"},\"potentialAction\":[{\"@type\":\"SearchAction\",\"target\":{\"@type\":\"EntryPoint\",\"urlTemplate\":\"https:\\\/\\\/kactus.com.mx\\\/?s={search_term_string}\"},\"query-input\":{\"@type\":\"PropertyValueSpecification\",\"valueRequired\":true,\"valueName\":\"search_term_string\"}}],\"inLanguage\":\"en-US\"},{\"@type\":\"Organization\",\"@id\":\"https:\\\/\\\/kactus.com.mx\\\/#organization\",\"name\":\"Kactus Mx\",\"url\":\"https:\\\/\\\/kactus.com.mx\\\/\",\"logo\":{\"@type\":\"ImageObject\",\"inLanguage\":\"en-US\",\"@id\":\"https:\\\/\\\/kactus.com.mx\\\/#\\\/schema\\\/logo\\\/image\\\/\",\"url\":\"https:\\\/\\\/i0.wp.com\\\/kactus.com.mx\\\/wp-content\\\/uploads\\\/2022\\\/06\\\/logo-kactus-vertical-sin-slogan.jpg?fit=1898%2C1068&ssl=1\",\"contentUrl\":\"https:\\\/\\\/i0.wp.com\\\/kactus.com.mx\\\/wp-content\\\/uploads\\\/2022\\\/06\\\/logo-kactus-vertical-sin-slogan.jpg?fit=1898%2C1068&ssl=1\",\"width\":1898,\"height\":1068,\"caption\":\"Kactus Mx\"},\"image\":{\"@id\":\"https:\\\/\\\/kactus.com.mx\\\/#\\\/schema\\\/logo\\\/image\\\/\"},\"sameAs\":[\"https:\\\/\\\/www.facebook.com\\\/KactusExperiences\\\/\",\"https:\\\/\\\/www.instagram.com\\\/kactustour.mx\\\/\"]}]}<\/script>\n<!-- \/ Yoast SEO plugin. -->","yoast_head_json":{"title":"\u00danete a Kactus - Kactus Mx","robots":{"index":"index","follow":"follow","max-snippet":"max-snippet:-1","max-image-preview":"max-image-preview:large","max-video-preview":"max-video-preview:-1"},"canonical":"https:\/\/kactus.com.mx\/?page_id=1054","og_locale":"en_US","og_type":"article","og_title":"\u00danete a Kactus - Kactus Mx","og_description":"Forma parte de nuestro equipo S\u00ed te gusta caminar mientras compartes la historia y cultura de tu ciudad, adem\u00e1s de conocer personas de todo M\u00e9xico y el mundo, entonces, te invitamos a consultar la convocatoria y aplicar. Elige tu estado y \u00fanete al equipo CDMX OAXACA GUADALAJARA","og_url":"https:\/\/kactus.com.mx\/?page_id=1054","og_site_name":"Kactus Mx","article_publisher":"https:\/\/www.facebook.com\/KactusExperiences\/","article_modified_time":"2026-03-29T07:00:04+00:00","twitter_card":"summary_large_image","twitter_misc":{"Est. reading time":"1 minute"},"schema":{"@context":"https:\/\/schema.org","@graph":[{"@type":"WebPage","@id":"https:\/\/kactus.com.mx\/?page_id=1054","url":"https:\/\/kactus.com.mx\/?page_id=1054","name":"\u00danete a Kactus - Kactus Mx","isPartOf":{"@id":"https:\/\/kactus.com.mx\/#website"},"primaryImageOfPage":{"@id":"https:\/\/kactus.com.mx\/?page_id=1054#primaryimage"},"image":{"@id":"https:\/\/kactus.com.mx\/?page_id=1054#primaryimage"},"thumbnailUrl":"https:\/\/kactus.com.mx\/staging\/8500\/wp-content\/uploads\/2026\/03\/IMG-20260327-WA0003-e1774766008945-1024x559.jpg","datePublished":"2022-04-14T07:05:01+00:00","dateModified":"2026-03-29T07:00:04+00:00","breadcrumb":{"@id":"https:\/\/kactus.com.mx\/?page_id=1054#breadcrumb"},"inLanguage":"en-US","potentialAction":[{"@type":"ReadAction","target":["https:\/\/kactus.com.mx\/?page_id=1054"]}]},{"@type":"ImageObject","inLanguage":"en-US","@id":"https:\/\/kactus.com.mx\/?page_id=1054#primaryimage","url":"https:\/\/i0.wp.com\/kactus.com.mx\/staging\/8500\/wp-content\/uploads\/2026\/03\/IMG-20260327-WA0003-e1774766008945.jpg?fit=1392%2C760&ssl=1","contentUrl":"https:\/\/i0.wp.com\/kactus.com.mx\/staging\/8500\/wp-content\/uploads\/2026\/03\/IMG-20260327-WA0003-e1774766008945.jpg?fit=1392%2C760&ssl=1","width":1392,"height":760},{"@type":"BreadcrumbList","@id":"https:\/\/kactus.com.mx\/?page_id=1054#breadcrumb","itemListElement":[{"@type":"ListItem","position":1,"name":"Home","item":"https:\/\/kactus.com.mx\/"},{"@type":"ListItem","position":2,"name":"\u00danete a Kactus"}]},{"@type":"WebSite","@id":"https:\/\/kactus.com.mx\/#website","url":"https:\/\/kactus.com.mx\/","name":"Kactus Mx","description":"","publisher":{"@id":"https:\/\/kactus.com.mx\/#organization"},"potentialAction":[{"@type":"SearchAction","target":{"@type":"EntryPoint","urlTemplate":"https:\/\/kactus.com.mx\/?s={search_term_string}"},"query-input":{"@type":"PropertyValueSpecification","valueRequired":true,"valueName":"search_term_string"}}],"inLanguage":"en-US"},{"@type":"Organization","@id":"https:\/\/kactus.com.mx\/#organization","name":"Kactus Mx","url":"https:\/\/kactus.com.mx\/","logo":{"@type":"ImageObject","inLanguage":"en-US","@id":"https:\/\/kactus.com.mx\/#\/schema\/logo\/image\/","url":"https:\/\/i0.wp.com\/kactus.com.mx\/wp-content\/uploads\/2022\/06\/logo-kactus-vertical-sin-slogan.jpg?fit=1898%2C1068&ssl=1","contentUrl":"https:\/\/i0.wp.com\/kactus.com.mx\/wp-content\/uploads\/2022\/06\/logo-kactus-vertical-sin-slogan.jpg?fit=1898%2C1068&ssl=1","width":1898,"height":1068,"caption":"Kactus Mx"},"image":{"@id":"https:\/\/kactus.com.mx\/#\/schema\/logo\/image\/"},"sameAs":["https:\/\/www.facebook.com\/KactusExperiences\/","https:\/\/www.instagram.com\/kactustour.mx\/"]}]}},"jetpack_sharing_enabled":true,"_links":{"self":[{"href":"https:\/\/kactus.com.mx\/staging\/8500\/wp-json\/wp\/v2\/pages\/1054","targetHints":{"allow":["GET"]}}],"collection":[{"href":"https:\/\/kactus.com.mx\/staging\/8500\/wp-json\/wp\/v2\/pages"}],"about":[{"href":"https:\/\/kactus.com.mx\/staging\/8500\/wp-json\/wp\/v2\/types\/page"}],"author":[{"embeddable":true,"href":"https:\/\/kactus.com.mx\/staging\/8500\/wp-json\/wp\/v2\/users\/2"}],"replies":[{"embeddable":true,"href":"https:\/\/kactus.com.mx\/staging\/8500\/wp-json\/wp\/v2\/comments?post=1054"}],"version-history":[{"count":18,"href":"https:\/\/kactus.com.mx\/staging\/8500\/wp-json\/wp\/v2\/pages\/1054\/revisions"}],"predecessor-version":[{"id":3540,"href":"https:\/\/kactus.com.mx\/staging\/8500\/wp-json\/wp\/v2\/pages\/1054\/revisions\/3540"}],"wp:attachment":[{"href":"https:\/\/kactus.com.mx\/staging\/8500\/wp-json\/wp\/v2\/media?parent=1054"}],"curies":[{"name":"wp","href":"https:\/\/api.w.org\/{rel}","templated":true}]}}